{"id":18,"date":"2014-11-16T16:39:43","date_gmt":"2014-11-16T15:39:43","guid":{"rendered":"http:\/\/jmhuarte.educacion.navarra.es\/web1\/?page_id=18"},"modified":"2021-08-23T17:47:31","modified_gmt":"2021-08-23T15:47:31","slug":"nuestro-colegio","status":"publish","type":"page","link":"https:\/\/jmhuarte.educacion.navarra.es\/web1\/nuestro-colegio\/","title":{"rendered":"Nuestro colegio"},"content":{"rendered":"\n<figure class=\"wp-block-embed is-type-video is-provider-youtube wp-block-embed-youtube wp-embed-aspect-16-9 wp-has-aspect-ratio\"><div class=\"wp-block-embed__wrapper\">\n<iframe loading=\"lazy\" title=\"Jos\u00e9 Mar\u00eda de Huarte\" width=\"500\" height=\"281\" src=\"https:\/\/www.youtube.com\/embed\/SjxKcrq2vf8?feature=oembed\" frameborder=\"0\" allow=\"accelerometer; autoplay; clipboard-write; encrypted-media; gyroscope; picture-in-picture\" allowfullscreen><\/iframe>\n<\/div><\/figure>\n\n\n<p>El <a title=\"Nuestro colegio\" href=\"http:\/\/jmhuarte.educacion.navarra.es\/web1\" target=\"_blank\" rel=\"noopener\">colegio p\u00fablico Jos\u00e9 M\u00aa de Huarte<\/a> est\u00e1 situado en el barrio San Juan\/Donibane de Pamplona. Este barrio, situado al oeste de Pamplona, goza de un <a title=\"Mapa\" href=\"https:\/\/www.google.es\/maps\/place\/Colegio+P%C3%BAblico+Jos%C3%A9+Mar%C3%ADa+de+Huarte\/@42.813322,-1.663662,17z\/data=!3m1!4b1!4m2!3m1!1s0xd509289cd78b00d:0xcade38c71ffac977?hl=es\" target=\"_blank\" rel=\"noopener\"><strong>emplazamiento privilegiado<\/strong><\/a> ya que se trata de una zona completamente urbanizada, estando adem\u00e1s muy pr\u00f3ximos el parque de La Vaguada y el parque y la biblioteca p\u00fablica de Yamaguchi.<\/p>\n<p><a href=\"http:\/\/jmhuarte.educacion.navarra.es\/web1\/wp-content\/uploads\/2014\/11\/fachadalogo.png\"><img loading=\"lazy\" class=\"aligncenter  wp-image-78\" src=\"http:\/\/jmhuarte.educacion.navarra.es\/web1\/wp-content\/uploads\/2014\/11\/fachadalogo.png\" alt=\"fachadalogo\" width=\"753\" height=\"565\" srcset=\"https:\/\/jmhuarte.educacion.navarra.es\/web1\/wp-content\/uploads\/2014\/11\/fachadalogo.png 600w, https:\/\/jmhuarte.educacion.navarra.es\/web1\/wp-content\/uploads\/2014\/11\/fachadalogo-300x225.png 300w\" sizes=\"(max-width: 753px) 100vw, 753px\" \/><\/a><\/p>\n<p>\u00a0<\/p>\n<p>San Juan es un barrio que se empez\u00f3 a construir en los a\u00f1os 50 del siglo pasado y que est\u00e1 completamente ocupado por viviendas y comercios y centros culturales y sociales, por lo que\u00a0 no es probable el aumento de familias residentes en el mismo, aunque existen entre 400 y 500 viviendas vac\u00edas. Las actividades econ\u00f3micas m\u00e1s abundantes son el comercio y la hosteler\u00eda. Cuenta adem\u00e1s con una <strong>biblioteca p\u00fablica<\/strong>, un Centro de Salud, un Centro de Salud Mental, centros culturales como Civivox y Civic\u00e1n, una agrupaci\u00f3n deportiva privada y una Residencia y un Club de Ancianos.<\/p>\n<p>Dispone de una <strong>buena red de transporte p\u00fablico<\/strong>, siendo varios los autobuses urbanos que unen San Juan con el centro de la ciudad y otros barrios perif\u00e9ricos de Pampona y con otras localidades muy pr\u00f3ximas.<\/p>\n<p>El\u00a0 colegio Jos\u00e9 M\u00aa de Huarte ofrece un <a title=\"Proyecto Educativo\" href=\"http:\/\/jmhuarte.educacion.navarra.es\/web1\/proyecto-educativo\/\" target=\"_blank\" rel=\"noopener\"><strong>programa de ense\u00f1anza biling\u00fce<\/strong><\/a> a los alumnos de Educaci\u00f3n Infantil y Educaci\u00f3n Primaria. Este programa del convenio MEC-British Council plantea como primer objetivo proporcionar una <strong>educaci\u00f3n biling\u00fce y bicultural<\/strong> a trav\u00e9s del curr\u00edculo integrado espa\u00f1ol-ingl\u00e9s.<\/p>\n<p>En estas etapas de Infantil y Primaria, las distintas materias son impartidas indistintamente en ambos idiomas, en espa\u00f1ol y en ingl\u00e9s. Para ello, el colegio cuenta con un profesorado altamente cualificado y con profesorado nativo ingl\u00e9s.<\/p>\n<p>Los alumnos continuar\u00e1n este programa a lo largo de toda la etapa de Infantil y Primaria en este colegio, pudiendo hacerlo tambi\u00e9n en la ESO, en el muy pr\u00f3ximo Instituto de Educaci\u00f3n Secundaria de la zona.<\/p>\n<p>El colegio ofrece una ense\u00f1anza de calidad, individualizada, multicultural\u00a0 y que responde a las necesidades actuales y futuras, apoyada en los siguientes recursos:<\/p>\n<ul>\n<li>Profesorado con amplia experiencia educativa y en formaci\u00f3n permanente.<\/li>\n<li>Profesorado nativo ingl\u00e9s y franc\u00e9s.<\/li>\n<li>Idioma ingl\u00e9s en todas las etapas y franc\u00e9s de 3\u00ba a 6\u00ba de Primaria, como segunda lengua extranjera.<\/li>\n<li>Aula de ense\u00f1anza del espa\u00f1ol para alumnos que desconocen el idioma.<\/li>\n<li>Medios inform\u00e1ticos, audiovisuales e Internet en el aula.<\/li>\n<li>Atenci\u00f3n a la diversidad y ense\u00f1anza individualizada mediante la asistencia t\u00e9cnica de un Orientador y especialistas en Audici\u00f3n y Lenguaje y Pedagog\u00eda Terap\u00e9utica.<\/li>\n<li>Biblioteca escolar con servicio de pr\u00e9stamo.<\/li>\n<li>Realizaci\u00f3n de variadas actividades complementarias dentro y fuera del colegio: educaci\u00f3n vial, conciertos musicales, teatro, salidas culturales, cuentacuentos\u2026<\/li>\n<\/ul>\n<p>La <a title=\"APYMA\" href=\"http:\/\/jmhuarte.educacion.navarra.es\/web1\/apyma\/\" target=\"_blank\" rel=\"noopener\">Asociaci\u00f3n de Padres y Madres (APyMA)<\/a> oferta actividades deportivas, charlas formativas para padres\/madres, adem\u00e1s de un <strong>servicio de comedor<\/strong> y de <strong>entrada anticipada<\/strong>.<\/p>\n<p>Comparte edificio con el colegio una <a title=\"Contacto\" href=\"mt.goni@pamplona.es\" target=\"_blank\" rel=\"noopener\">Escuela Infantil municipal<\/a>, Jos\u00e9 M\u00aa Huarte, que atiende a ni\u00f1os de 18 meses a tres a\u00f1os.<\/p>\n<p>Los institutos p\u00fablicos de la zona son: <a title=\"Instituto Navarro Villoslada\" href=\"http:\/\/www.iesnavarrovilloslada.com\/\" target=\"_blank\" rel=\"noopener\">IES Navarro Villoslada<\/a>\u00a0y <a title=\"Instituto Basoko\" href=\"http:\/\/iesbasoko.educacion.navarra.es\/web\/\" target=\"_blank\" rel=\"noopener\">IES Basoko<\/a>.<\/p>\n<p>\u00a0<\/p>","protected":false},"excerpt":{"rendered":"<p>El colegio p\u00fablico Jos\u00e9 M\u00aa de Huarte est\u00e1 situado en el barrio San Juan\/Donibane de Pamplona. Este barrio, situado al oeste de Pamplona, goza de un emplazamiento privilegiado ya que se trata de una zona completamente urbanizada, estando adem\u00e1s muy pr\u00f3ximos el parque de La Vaguada y el parque y la biblioteca p\u00fablica de Yamaguchi. [&hellip;]<\/p>\n","protected":false},"author":1,"featured_media":78,"parent":0,"menu_order":4,"comment_status":"open","ping_status":"closed","template":"","meta":{"_genesis_hide_title":false,"_genesis_hide_breadcrumbs":false,"_genesis_hide_singular_image":false,"_genesis_hide_footer_widgets":false,"_genesis_custom_body_class":"","_genesis_custom_post_class":"","_genesis_layout":""},"_links":{"self":[{"href":"https:\/\/jmhuarte.educacion.navarra.es\/web1\/wp-json\/wp\/v2\/pages\/18"}],"collection":[{"href":"https:\/\/jmhuarte.educacion.navarra.es\/web1\/wp-json\/wp\/v2\/pages"}],"about":[{"href":"https:\/\/jmhuarte.educacion.navarra.es\/web1\/wp-json\/wp\/v2\/types\/page"}],"author":[{"embeddable":true,"href":"https:\/\/jmhuarte.educacion.navarra.es\/web1\/wp-json\/wp\/v2\/users\/1"}],"replies":[{"embeddable":true,"href":"https:\/\/jmhuarte.educacion.navarra.es\/web1\/wp-json\/wp\/v2\/comments?post=18"}],"version-history":[{"count":9,"href":"https:\/\/jmhuarte.educacion.navarra.es\/web1\/wp-json\/wp\/v2\/pages\/18\/revisions"}],"predecessor-version":[{"id":7239,"href":"https:\/\/jmhuarte.educacion.navarra.es\/web1\/wp-json\/wp\/v2\/pages\/18\/revisions\/7239"}],"wp:featuredmedia":[{"embeddable":true,"href":"https:\/\/jmhuarte.educacion.navarra.es\/web1\/wp-json\/wp\/v2\/media\/78"}],"wp:attachment":[{"href":"https:\/\/jmhuarte.educacion.navarra.es\/web1\/wp-json\/wp\/v2\/media?parent=18"}],"curies":[{"name":"wp","href":"https:\/\/api.w.org\/{rel}","templated":true}]}}